 y(-2)?
4
Let g = 63 - 47. Suppose 10 = -5*c, 2*a - 5*c - g = -10*c. What is the tens digit of a?
1
Let a = 1768 + -887. What is the units digit of a?
1
Suppose 0 = 6*l - 9*l + 2*b + 8347, 2*l + 3*b = 5556. What is the tens digit of l?
8
Let s(m) = -m - 9. Let b(z) = -3*z - 1. Let p be b(3). Let g be s(p). Suppose -3 = 2*q + 2*y + g, -5*q - 2*y - 1 = 0. What is the units digit of q?
1
Let x(g) = 96*g**2 + g - 2. Let y be (-11)/22*(-1 + -1). Let r be x(y). Suppose 0 = -3*u + r + 121. What is the tens digit of u?
7
Suppose 0 = -5*u - 3*i + 4*i + 65, 0 = 4*u + 3*i - 71. Let x be (3 + u/8)*8. Suppose -2*j - x = -162. What is the tens digit of j?
6
Let v(s) = -12*s**3 + 2*s**2 + 4. Let o be v(2). Let l = o - -125. What is the tens digit of l?
4
Suppose -1471 = -s + 3*p, 0 = 3*s + 3*p - 1563 - 2790. What is the units digit of s?
6
Suppose -94 - 356 = -5*f. Let w = 41 + -94. Let q = f + w. What is the tens digit of q?
3
Let b(t) = -21*t**3 - t**2 - 8*t + 2. What is the tens digit of b(-4)?
6
Suppose 2*p + 39 = -p. Let a = p - -212. Suppose 4*y - a + 35 = 0. What is the tens digit of y?
4
Let x(i) = -i + 5. Suppose 0 = 2*s + 4 + 14. Let a be x(s). What is the tens digit of a/(-63) - (-155)/9?
1
Let z = -3197 + 6145. What is the thousands digit of z?
2
Suppose 3*l - 21 = 639. Suppose -4*s + 88 = -l. What is the units digit of s?
7
Suppose -4*v + c + 2 = 0, 4*c + 12 = 4*v + 4. Suppose v = z - 0*z - 165. What is the hundreds digit of z?
1
Let j be 2598/14 + (-4)/7. Suppose z + 5 = j. What is the hundreds digit of z?
1
Let d(l) = 2*l + 46. Let b be d(-22). Suppose b*q - 5 = 19. What is the units digit of q?
2
What is the hundreds digit of (-916700)/(-1236) - ((-4)/3)/(-2)?
7
Suppose 4*k = -4*i + 3*i - 90, 5*i = -k - 32. Let n = -3 - k. Suppose -n = -p + 14. What is the tens digit of p?
3
Suppose 0 = -w - 2*o - 4, 18 = -2*w - 3*o + 7. Let i = w + 298. What is the units digit of i?
8
Let h(c) = -c**3 - 8*c**2 - 19. Let i be h(-8). Let v(a) = a**3 + 21*a**2 + 22*a - 55. What is the tens digit of v(i)?
4
Suppose 0 = h - 4*z - 13, -3*z - 2 = 4. Suppose 277 = 3*k + h*r, 2*k - 170 = 2*r + 2*r. What is the tens digit of k?
8
Let g(w) = -83*w + 243. What is the units digit of g(-6)?
1
Let w(v) = -v + 3. Let i be w(6). Let u(y) = -27*y**3 - y**2 + 2*y - 3. Let j be u(i). What is the tens digit of j/63 - (-4)/(-14)?
1
Let v be (-186)/(-15) + (-6)/15. Suppose 14*y - 292 = v*y. What is the tens digit of y?
4
Suppose -30*y + 29*y + 621 = 0. What is the units digit of y?
1
What is the tens digit of ((-10)/20)/((-1)/980)?
9
Let y be 4/(-6) - 114/(-9). Suppose a + 2*a - y = 0. Suppose -68 = -2*z + 3*s, -a*z + s - 52 = -6*z. What is the units digit of z?
8
Let o(b) = 67*b - 401. What is the thousands digit of o(34)?
1
Let h = 14 + -48. Let v = h - -64. What is the units digit of v?
0
Let m = 1227 - 559. What is the hundreds digit of m?
6
Let s(h) = 8*h**3 - 4*h**2 - 14*h + 11. What is the thousands digit of s(7)?
2
Let x be 2/9 + (-415)/45. Let y = -4 - x. Let m = -4 + y. What is the units digit of m?
1
Let a = -26 + 29. Suppose -a*l + 106 = 4. What is the units digit of l?
4
Suppose -3*s = -0*s. Suppose -3*p + 353 = 5*h, h - 41 = 2*p + 27. Suppose 5*m + u - 66 = s, -5*m + 4*u + h + 16 = 0. What is the units digit of m?
4
Suppose -1265 = -5*s + 3*w + 3354, -s - 3*w = -931. What is the hundreds digit of s?
9
Let s(o) = o**3 - 3*o**2 - 2*o + 2. Let r be s(4). Let p(h) = -h + 31. What is the units digit of p(r)?
1
Let u be (-36)/(-44) - 2/(-11). Let d be 61 + (17/4 - 2/8). Let k = u + d. What is the units digit of k?
6
Let g(i) = 4*i**3 + 3*i**2 + 5. Let b be g(5). What is the hundreds digit of (-6)/(b/146 - 4)?
2
Suppose 5*t + 790 = 7*t. Suppose -1781 = -6*p - t. What is the units digit of p?
1
Let i(k) = -k**3 - 7*k**2 - k - 3. Let g be i(-7). Suppose -74 = -g*s - 2*x, 3*s = -s + 4*x + 68. What is the units digit of s?
8
Suppose -56 - 22 = 6*l. Let t = l - 11. What is the tens digit of t/30*(-22 + 2)?
1
Let q(a) = -3*a + 3. Let n be q(1). Suppose n*u = 4*u - 280. What is the tens digit of u?
7
Let k = 1026 + -729. Suppose w + p + k = 3*w, 2*p = -2. What is the tens digit of w?
4
What is the tens digit of 5 - ((-17500)/(-4))/(-7)?
3
Suppose -172 = 3*a + 4*r, 4*a + 2*r = r - 251. Let w = 114 + a. What is the units digit of w?
0
Let n(m) = -m**3 + 4*m**2 - m - 2. Let o be n(3). Suppose o*y + 7 = -1. What is the units digit of 0 + (1 - y) - -3?
6
Let u be 1/(-1) + 8 + -5. Suppose -6 = u*c - c. What is the units digit of 6 - (-1)/((-3)/c)?
8
Suppose 5*p - z = -0*p - 98, -4*p - 70 = -5*z. Let w = p - -157. What is the tens digit of w?
3
Suppose 3*x = -4*o - o + 12, -2*o = 4*x - 2. Suppose -4*f - j = -296, 0*j + 5*j - 205 = -o*f. What is the units digit of f?
5
Suppose 4*z = 5*x - 381, -2*z - 5*x - 129 = 54. Let d = z + 212. What is the hundreds digit of d?
1
Let j(n) = -18*n. Suppose 0 = 2*x - 4*k + 6 + 14, -k = 2*x. What is the tens digit of j(x)?
3
Suppose 0*a - 13*a + 5408 = 0. What is the tens digit of a?
1
Let a = 335 - 207. Let t = a - 57. Suppose -28 = -3*l + t. What is the tens digit of l?
3
Suppose -2*o - 5*z + 557 = 0, 3*z - 2*z = 2*o - 527. What is the tens digit of o?
6
Suppose 24*n = 25*n - 5*h - 455, 4*n - 4*h - 1820 = 0. What is the hundreds digit of n?
4
Let o(b) = 2*b**2 - 13*b + 5. Let t be o(12). Suppose -z = -3, -z = -4*u - 0*z + t. Suppose u = 2*r - 29. What is the tens digit of r?
3
Suppose 4*z + 4*q - 36 = 0, z - q + 6 = q. Suppose 0*h + 480 = z*h. What is the units digit of h?
0
Let q = 2 + 2. Let v(y) = y**2 - 3*y - 2. Let o be v(q). Suppose 0 = -o*h - 4*h + 198. What is the tens digit of h?
3
What is the tens digit of (1140440/20)/(-14)*(-1 + 0)?
7
What is the units digit of 12460/(-30)*2/((-8)/6)?
3
Suppose 0 = 2*s + 6, m - 100 - 6 = -4*s. Suppose 0 = -5*i + 3 - m. Let q = 35 + i. What is the tens digit of q?
1
Let w(u) = 52*u + 371. What is the units digit of w(14)?
9
Let v(q) = q**2 + 9*q - 7. Let t be v(-10). Suppose -t*k - 6 = -12. Suppose -r - 33 = -k*r. What is the units digit of r?
3
Suppose -4*v = -71 - 673. Let w = v + -131. What is the units digit of w?
5
Let i(t) be the third derivative of t**5/60 - 5*t**4/24 - 4*t**3/3 + 4*t**2. Let s be i(7). Suppose 0 = -s*z + z + 85. What is the units digit of z?
7
Let r be (-174)/(1/2 - (0 - -2)). Suppose 0 = 4*m + 12, -r = -4*z + 3*z - 5*m. What is the hundreds digit of z?
1
Let b(y) = 2*y**2 + 9*y + 55. What is the hundreds digit of b(-12)?
2
Suppose 4*t = -5*m + 147, 3*t + 0 = -m + 36. Suppose 2*f = 79 + m. What is the tens digit of f?
5
Let d be (26/(-4))/(2/(-4)). Let v = 17 - d. What is the units digit of (-115)/(-6) + v/(-24)?
9
What is the units digit of (-444)/999 + 21829/9?
5
Let r(s) = -s + 9. Let u be r(9). Suppose 3*a + 12 + 0 = u. Let m(n) = -6*n - 1. What is the tens digit of m(a)?
2
Let w be 4/8 - 98/(-4). Suppose 87 = 3*s + 5*x, 3*s - 50 - w = -x. What is the tens digit of s?
2
Let d(j) = -61*j - 409. What is the hundreds digit of d(-51)?
7
Let c(z) = 61*z**2 + 9*z + 20. What is the units digit of c(-4)?
0
Suppose -m - 3*m - 2*c = -72, 2*m = -2*c + 36. What is the tens digit of m?
1
Suppose 0 = -5*c - 10, -4*o = -o + 4*c - 4. Let y = o + -1. Suppose y*i = 6*i - 147. What is the units digit of i?
9
Let b = 101 + -99. Suppose 39 = b*w - 113. What is the units digit of w?
6
Let k(o) be the first derivative of o**5/60 - 2*o**4/3 + 5*o**3/6 - 11*o**2/2 + 12. Let a(f) be the second derivative of k(f). What is the units digit of a(16)?
5
Let a be (-7)/(-7)*2/1. Suppose a*l + 134 + 208 = 0. What is the tens digit of (-1332)/(-19) + 18/l?
7
Let w = 15 - 37. Let h = 51 - w. What is the tens digit of h?
7
Let s(w) = -w**3 + 8*w**2 - 4*w + 5. Suppose 5 = 5*y + 2*r - 7*r, -4*y - 5*r = -49. Let v be s(y). Let z = v + -33. What is the units digit of z?
0
Suppose 16*b - 40*b + 2712 = 0. What is the units digit of b?
3
Let k(c) = c**3 + 2*c**2 + 16*c - 77. What is the hundreds digit of k(7)?
4
Let n = 8330 - 3495. What is the thousands digit of n?
4
Let h = -10 - -21. Let c(i) = -i + 13. Let m be c(h). Suppose m*r = -3*j + 12 - 3, -4*r + 68 = -4*j. What is the tens digit of r?
1
Suppose 9*n - 8*n - 2*m = 433, 2*n + 4*m = 826. What is the hundreds digit of n?
4
Let k be (-9)/(-6)*2 + -62. Let y = -2 